prime?
True
Is 97 prime?
True
Is 4918 a prime number?
False
Is 5585 prime?
False
Is 3127271 composite?
True
Is 42377 prime?
False
Is 974869 prime?
False
Is 10393 prime?
False
Is 43853 a composite number?
False
Is 147037 a prime number?
False
Is 60301 composite?
True
Is 36629 a prime number?
True
Is 1901 a composite number?
False
Is 6089 prime?
True
Is 231571 prime?
True
Is 29983 a prime number?
True
Is 198367 composite?
True
Is 242227 composite?
False
Is 52489 a prime number?
True
Is 152335 prime?
False
Is 11251 a composite number?
False
Is 73277 a composite number?
False
Is 23393 a prime number?
False
Is 8743 composite?
True
Is 2378617 a prime number?
True
Is 2852635 a prime number?
False
Is 215399 composite?
False
Is 28869 composite?
True
Is 7789 a composite number?
False
Is 73721 a composite number?
False
Is 211241 composite?
False
Is 178973 composite?
False
Is 12587 a composite number?
True
Is 56513 a prime number?
False
Is 587 a composite number?
False
Is 3989 composite?
False
Is 21959 prime?
False
Is 60035 a prime number?
False
Is 501931 prime?
True
Is 455201 a prime number?
True
Is 27163 a composite number?
True
Is 19997 a composite number?
False
Is 1027 prime?
False
Is 111373 composite?
False
Is 154537 a composite number?
True
Is 154093 prime?
False
Is 24989 composite?
False
Is 52963 a composite number?
False
Is 54391 a composite number?
True
Is 63241 composite?
False
Is 94873 prime?
True
Is 12531 a composite number?
True
Is 58639 a composite number?
True
Is 179189 prime?
False
Is 205837 prime?
True
Is 97673 a prime number?
True
Is 269281 a composite number?
False
Is 844478 prime?
False
Is 700907 a composite number?
False
Is 613699 a composite number?
False
Is 374441 composite?
False
Is 15227 composite?
False
Is 2426 a composite number?
True
Is 3817 composite?
True
Is 3453 composite?
True
Is 23979 a prime number?
False
Is 351167 a prime number?
False
Is 398071 composite?
True
Is 255571 a composite number?
False
Is 8623 a prime number?
True
Is 2599 a prime number?
False
Is 51559 composite?
True
Is 2923 prime?
False
Is 202 a composite number?
True
Is 82691 composite?
True
Is 292301 composite?
False
Is 257405 composite?
True
Is 22863 prime?
False
Is 263629 prime?
False
Is 928001 prime?
True
Is 221873 a prime number?
True
Is 4303 a prime number?
False
Is 756919 prime?
True
Is 679843 a composite number?
False
Is 7151 composite?
False
Is 7349 prime?
True
Is 62753 composite?
False
Is 64483 a prime number?
True
Is 11611 composite?
True
Is 124393 composite?
True
Is 197839 a prime number?
False
Is 905 composite?
True
Is 70619 a composite number?
False
Is 557 composite?
False
Is 12169 a prime number?
False
Is 53311 a composite number?
True
Is 6407 composite?
True
Is 9511 a prime number?
True
Is 190979 a composite number?
False
Is 677 a composite number?
False
Is 12991 composite?
True
Is 265 a composite number?
True
Is 122527 composite?
False
Is 277161 composite?
True
Is 205297 composite?
False
Is 72269 composite?
False
Is 2237 prime?
True
Is 417203 composite?
False
Is 403946 a composite number?
True
Is 6514 composite?
True
Is 564647 prime?
False
Is 2767 a prime number?
True
Is 2761 composite?
True
Is 354107 prime?
False
Is 28109 prime?
True
Is 1931 prime?
True
Is 50111 prime?
True
Is 294155 prime?
False
Is 93683 composite?
False
Is 403467 prime?
False
Is 12683 composite?
True
Is 25793 composite?
False
Is 114697 a prime number?
False
Is 44953 a prime number?
True
Is 3747 a composite number?
True
Is 213019 a prime number?
True
Is 338543 a composite number?
False
Is 2761 composite?
True
Is 8147 a composite number?
False
Is 6733 composite?
False
Is 1222157 a composite number?
False
Is 138449 a composite number?
False
Is 371447 a composite number?
False
Is 66587 a prime number?
True
Is 35671 composite?
False
Is 29303 composite?
False
Is 41113 a prime number?
True
Is 873157 a composite number?
False
Is 90697 a composite number?
False
Is 2413 a composite number?
True
Is 85991 prime?
True
Is 2453 a composite number?
True
Is 80309 composite?
False
Is 56759 composite?
True
Is 37255 composite?
True
Is 5767 a prime number?
False
Is 631387 composite?
False
Is 69239 prime?
True
Is 350029 prime?
True
Is 15727 composite?
False
Is 12097 a prime number?
True
Is 1621 composite?
False
Is 89153 a composite number?
False
Is 2172109 prime?
True
Is 112223 prime?
True
Is 57899 a prime number?
True
Is 105577 a prime number?
False
Is 54163 a composite number?
False
Is 72515 prime?
False
Is 76742 prime?
False
Is 3251 a prime number?
True
Is 416345 a composite number?
True
Is 235205 a prime number?
False
Is 184901 a composite number?
False
Is 31826 composite?
True
Is 87449 prime?
False
Is 419 a composite number?
False
Is 84023 a composite number?
True
Is 26039 a prime number?
False
Is 171263 a composite number?
False
Is 52031 a composite number?
True
Is 154903 prime?
False
Is 40323 a prime number?
False
Is 6761 a prime number?
True
Is 84791 prime?
False
Is 15089 a composite number?
True
Is 37462 composite?
True
Is 76561 prime?
True
Is 3709 composite?
False
Is 284369 a prime number?
True
Is 12881 prime?
False
Is 5765 composite?
True
Is 206705 composite?
True
Is 1643 prime?
False
Is 884159 a prime number?
True
Is 7114 a prime number?
False
Is 33287 a prime number?
True
Is 309607 a composite number?
True
Is 14683 composite?
False
Is 303185 prime?
False
Is 397 composite?
False
Is 1296371 composite?
False
Is 22199 a prime number?
False
Is 22006 a prime number?
False
Is 705785 composite?
True
Is 12869 a prime number?
False
Is 24317 prime?
True
Is 2233183 a composite number?
False
Is 142661 composite?
True
Is 18053 composite?
True
Is 54669 a prime number?
False
Is 13033 a composite number?
False
Is 190339 composite?
False
Is 11989 a composite number?
True
Is 66985 composite?
True
Is 209669 a prime number?
True
Is 90887 a prime number?
True
Is 818 prime?
False
Is 422789 prime?
True
Is 22949 a composite number?
True
Is 66281 prime?
False
Is 6197 composite?
False
Is 3385 prime?
False
Is 6387 a prime number?
False
Is 3979 a prime number?
False
Is 261047 composite?
True
Is 2723 a prime number?
False
Is 115033 a composite number?
True
Is 1960017 a prime number?
False
Is 1178033 composite?
False
Is 147949 prime?
True
Is 1820269 composite?
True
Is 20063 prime?
True
Is 50219 a prime number?
False
Is 762367 composite?
False
Is 20911 prime?
False
Is 55661 prime?
True
Is 265345 composite?
True
Is 1366 a composite number?
True
Is 19373 prime?
True
Is 1711 a prime number?
False
Is 44351 composite?
False
Is 85411 prime?
True
Is 17011 a prime number?
True
Is 3109271 a prime number?
False
Is 886499 a composite number?
True
Is 201241 composite?
True
Is 6163 composite?
False
Is 373281 prime?
False
Is 1822 a composite number?
True
Is 552787 prime?
True
Is 631 prime?
True
Is 782959 a composite number?
True
Is 1332217 a prime number?
True
Is 17231 a prime number?
True
Is 204101 a composite number?
False
Is 8161 prime?
True
Is 47237 a prime number?
True
Is 474697 composite?
True
Is 142211 prime?
True
Is 3707 prime?
False
Is 32297 a prime number?
True
Is 107069 prime?
True
Is 9767 a prime number?
True
Is 100121 a composite number?
True
Is 2581 composite?
True
Is 1914851 a composite number?
True
Is 1958707 prime?
True
Is 31721 composite?
False
Is 16307 prime?
False
Is 60811 prime?
True
Is 187021 prime?
False
Is 3227 composite?
True
Is 1072081 prime?
False
Is 159707 a composite number?
False
Is 17695 composite?
True
Is 5171 composite?
False
Is 4897 composite?
True
Is 1481 composite?
False
Is 18799 a composite number?
True
Is 15641 composite?
False
Is 4932643 composite?
True
Is 5987 a composite number?
False
Is 23303 composite?
True
Is 124679 composite?
False
Is 14107 composite?
False
Is 131891 a prime number?
True
Is 159 composite?
True
Is 3269 prime?
False
Is 98453 prime?
True
Is 14173 a composite number?
False
Is 300463 composite?
False
Is 148883 prime?
False
Is 501455 a composite number?
True
Is 54647 a prime number?
True
Is 23251 prime?
True
Is 243371 composite?
True
Is 16243 prime?
False
Is 13577 a prime number?
True
Is 214447 a prime number?
False
Is 19202 a prime number?
False
Is 6709 a prime number?
True
Is 376199 a prime number?
True
Is 82939 composite?
False
Is 298 prime?
False
Is 360445 prim